{"id":332,"date":"2012-10-01T12:53:59","date_gmt":"2012-10-01T10:53:59","guid":{"rendered":"http:\/\/www.atelier-karinsabe.de\/?page_id=332"},"modified":"2026-02-02T17:37:51","modified_gmt":"2026-02-02T15:37:51","slug":"meine-arbeitsweise","status":"publish","type":"page","link":"https:\/\/www.atelier-karinsabe.de\/?page_id=332","title":{"rendered":"Meine Arbeitsweise"},"content":{"rendered":"<div class=\"fusion-fullwidth fullwidth-box fusion-builder-row-1 fusion-flex-container nonhundred-percent-fullwidth non-hundred-percent-height-scrolling\" style=\"--awb-border-radius-top-left:0px;--awb-border-radius-top-right:0px;--awb-border-radius-bottom-right:0px;--awb-border-radius-bottom-left:0px;--awb-flex-wrap:wrap;\" ><div class=\"fusion-builder-row fusion-row fusion-flex-align-items-flex-start fusion-flex-content-wrap\" style=\"max-width:1320.8px;margin-left: calc(-4% \/ 2 );margin-right: calc(-4% \/ 2 );\"><div class=\"fusion-layout-column fusion_builder_column fusion-builder-column-0 fusion_builder_column_1_1 1_1 fusion-flex-column\" style=\"--awb-bg-size:cover;--awb-width-large:100%;--awb-margin-top-large:0px;--awb-spacing-right-large:1.92%;--awb-margin-bottom-large:0px;--awb-spacing-left-large:1.92%;--awb-width-medium:100%;--awb-spacing-right-medium:1.92%;--awb-spacing-left-medium:1.92%;--awb-width-small:100%;--awb-spacing-right-small:1.92%;--awb-spacing-left-small:1.92%;\"><div class=\"fusion-column-wrapper fusion-flex-justify-content-flex-start fusion-content-layout-column\"><div class=\"fusion-text fusion-text-1\"><p>Meistens sammle ich Eindr\u00fccke in der Natur, aber auch auf alten Mauern und W\u00e4nden finde ich Formen und Strukturen. Mich faszinieren Zeichen und Spuren, alle Bewegungen, die der Moment oder die Zeit hinterlassen.<\/p>\n<p>In meinen Arbeiten flie\u00dfen Eindr\u00fccke zusammen, Farbfl\u00e4chen, Linien und andere Materialien finden sich zusammen, zu einer neuen Ordnung. Farbschicht f\u00fcr Farbschicht wird \u00fcbereinandergelegt, Formen entwickelt, wieder zerst\u00f6rt, neue Formen geschaffen, neue Freir\u00e4ume zugelassen. So entsteht ein Bild mit einer authentischen Biographie.<\/p>\n<p>Die Vielschichtigkeit des Wahrnehmens, F\u00fchlens und Ausdr\u00fcckens, findet in der Malerei einen Weg. Das Malen ist f\u00fcr mich ein Prozess, ein Ausprobieren und Erfahren, ein sich Herantasten und Kennenlernen, ein Erkunden und Entdecken. Ich lasse mich ein, auf meine Intuition, auf das was ich wahrnehme und was f\u00fcr mich wichtig ist.<\/p>\n<\/div><div class=\"fusion-text fusion-text-2\" style=\"--awb-font-size:22px;\"><p>&#8222;Kunst geschieht aus dem Ganzen heraus, nicht nur aus dem Kopf, vor allem aus der Intuition, dem Irrationalen.&#8220; (Alexander Jeanmaire)<\/p>\n<\/div><\/div><\/div><\/div><\/div>\n","protected":false},"excerpt":{"rendered":"<p>Meistens sammle ich Eindr\u00fccke in der Natur, aber auch auf alten Mauern und W\u00e4nden finde ich Formen und Strukturen. Mich faszinieren Zeichen und Spuren, alle Bewegungen, die der Moment oder die Zeit hinterlassen. In meinen Arbeiten flie\u00dfen diese Eindr\u00fccke zusammen&#8230; <\/br><span style=\"color: #fce3e9;\"><<<a title=\"Meine Arbeitsweise\" href=\"http:\/\/www.atelier-karinsabe.de\/?page_id=332\"><span style=\"color: #fce3e9;\"> mehr lesen<\/span><\/a><\/span><\/p>\n","protected":false},"author":3,"featured_media":0,"parent":0,"menu_order":3,"comment_status":"open","ping_status":"open","template":"","meta":{"ngg_post_thumbnail":0,"footnotes":""},"class_list":["post-332","page","type-page","status-publish","hentry"],"_links":{"self":[{"href":"https:\/\/www.atelier-karinsabe.de\/index.php?rest_route=\/wp\/v2\/pages\/332","targetHints":{"allow":["GET"]}}],"collection":[{"href":"https:\/\/www.atelier-karinsabe.de\/index.php?rest_route=\/wp\/v2\/pages"}],"about":[{"href":"https:\/\/www.atelier-karinsabe.de\/index.php?rest_route=\/wp\/v2\/types\/page"}],"author":[{"embeddable":true,"href":"https:\/\/www.atelier-karinsabe.de\/index.php?rest_route=\/wp\/v2\/users\/3"}],"replies":[{"embeddable":true,"href":"https:\/\/www.atelier-karinsabe.de\/index.php?rest_route=%2Fwp%2Fv2%2Fcomments&post=332"}],"version-history":[{"count":72,"href":"https:\/\/www.atelier-karinsabe.de\/index.php?rest_route=\/wp\/v2\/pages\/332\/revisions"}],"predecessor-version":[{"id":3358,"href":"https:\/\/www.atelier-karinsabe.de\/index.php?rest_route=\/wp\/v2\/pages\/332\/revisions\/3358"}],"wp:attachment":[{"href":"https:\/\/www.atelier-karinsabe.de\/index.php?rest_route=%2Fwp%2Fv2%2Fmedia&parent=332"}],"curies":[{"name":"wp","href":"https:\/\/api.w.org\/{rel}","templated":true}]}}