{"id":320,"date":"2012-10-01T12:03:52","date_gmt":"2012-10-01T10:03:52","guid":{"rendered":"http:\/\/www.atelier-karinsabe.de\/?page_id=320"},"modified":"2026-02-02T17:21:09","modified_gmt":"2026-02-02T15:21:09","slug":"uber-mich","status":"publish","type":"page","link":"https:\/\/www.atelier-karinsabe.de\/?page_id=320","title":{"rendered":"\u00dcber mich"},"content":{"rendered":"<div class=\"fusion-fullwidth fullwidth-box fusion-builder-row-1 fusion-flex-container nonhundred-percent-fullwidth non-hundred-percent-height-scrolling\" style=\"--awb-border-radius-top-left:0px;--awb-border-radius-top-right:0px;--awb-border-radius-bottom-right:0px;--awb-border-radius-bottom-left:0px;--awb-flex-wrap:wrap;\" ><div class=\"fusion-builder-row fusion-row fusion-flex-align-items-flex-start fusion-flex-content-wrap\" style=\"max-width:1320.8px;margin-left: calc(-4% \/ 2 );margin-right: calc(-4% \/ 2 );\"><div class=\"fusion-layout-column fusion_builder_column fusion-builder-column-0 fusion_builder_column_1_1 1_1 fusion-flex-column\" style=\"--awb-bg-blend:overlay;--awb-bg-size:cover;--awb-width-large:100%;--awb-margin-top-large:0px;--awb-spacing-right-large:1.92%;--awb-margin-bottom-large:0px;--awb-spacing-left-large:1.92%;--awb-width-medium:100%;--awb-spacing-right-medium:1.92%;--awb-spacing-left-medium:1.92%;--awb-width-small:100%;--awb-spacing-right-small:1.92%;--awb-spacing-left-small:1.92%;\"><div class=\"fusion-column-wrapper fusion-flex-justify-content-flex-start fusion-content-layout-column\"><div class=\"fusion-text fusion-text-1\"><p>Motiviert durch das Reisen in unterschiedliche L\u00e4nder, setzte ich mich intensiv mit dem Thema Landschaft und Natur auseinander, dessen Faszination mich immer wieder neu inspiriert. Das sinnliche Erleben von Natur, von unmittelbarer Anschauung bis hin zur intensiven Wahrnehmung , wurde Hauptbestandteil meiner k\u00fcnstlerischen Arbeit.<\/p>\n<p>Es ist die Mehrschichtigkeit der Dinge, die mich interessiert und so enstehen meine Bilder wie in einem lebendigen Naturprozess, indem Schicht f\u00fcr Schicht \u00fcbereinandergelegt und auch teilweise wieder abgetragen wird. Dieser Prozess ist eine nat\u00fcrliche Entwicklung, der Wachsen, Werden und Vergehen beinhaltet.<\/p>\n<\/div><div class=\"fusion-text fusion-text-2\" style=\"--awb-font-size:22px;--awb-text-font-family:Garamond, serif;--awb-text-font-style:normal;--awb-text-font-weight:400;\"><div style=\"text-align: center;\"><span style=\"background-color: rgba(0, 0, 0, 0);\">&#8222;Nicht an der Oberfl\u00e4che der Dinge bleiben und zuf\u00e4llige Stimmungen erhaschen, sondern hinter die Dinge zu schauen, dorthin wo vielleicht nichts, <\/span><span style=\"background-color: rgba(0, 0, 0, 0);\">vielleicht alles ist.&#8220; Rilke<\/span><\/div>\n<\/div><div class=\"fusion-text fusion-text-3\"><p>In mehreren Einzel- und Gruppenausstellungen konnte ich meine Arbeiten pr\u00e4sentieren, z.B. in der Orangerie im Botanischen Garten M\u00fcnster, in der Sparkasse L\u00fcdinghausen, im B\u00fcrgerhaus Ascheberg, im Kornbrennerei Museum Telgte, in der Steverhalle Senden, im Haus Walstedde, mehrere Ausstellungen im eigenen Atelier im Haus Coerde, zur Zeit 3 Dauerausstellungen in Praxen in Hamm, L\u00fcnen und Ascheberg .<\/p>\n<\/div><div class=\"fusion-text fusion-text-4\" style=\"--awb-font-size:22px;--awb-text-font-family:Garamond, serif;--awb-text-font-style:normal;--awb-text-font-weight:400;\"><p style=\"text-align: center;\">&#8222;Das Au\u00dferordentliche geschieht nicht auf glatten, gew\u00f6hnlichen Wege.&#8220; Goethe&#8220;<\/p>\n<\/div><\/div><\/div><\/div><\/div>\n","protected":false},"excerpt":{"rendered":"<p>Vor 19 Jahren begann ich mit dem Malen. Einem dringenden Impuls folgend, kaufte ich Farben, Pinsel und Leinwand und fing an, mit den Materialien zu experimentieren.<br \/>\nDurch das Malen konnte ich mich erleben und erfahren&#8230;<br \/>\n<\/br><span style=\"color: #fce3e9;\"><<<a title=\"\u00dcber mich\" href=\"http:\/\/www.atelier-karinsabe.de\/?page_id=320\"><span style=\"color: #fce3e9;\"> mehr lesen<\/span><\/a><\/span><\/p>\n","protected":false},"author":3,"featured_media":0,"parent":0,"menu_order":2,"comment_status":"open","ping_status":"open","template":"","meta":{"ngg_post_thumbnail":0,"footnotes":""},"class_list":["post-320","page","type-page","status-publish","hentry"],"_links":{"self":[{"href":"https:\/\/www.atelier-karinsabe.de\/index.php?rest_route=\/wp\/v2\/pages\/320","targetHints":{"allow":["GET"]}}],"collection":[{"href":"https:\/\/www.atelier-karinsabe.de\/index.php?rest_route=\/wp\/v2\/pages"}],"about":[{"href":"https:\/\/www.atelier-karinsabe.de\/index.php?rest_route=\/wp\/v2\/types\/page"}],"author":[{"embeddable":true,"href":"https:\/\/www.atelier-karinsabe.de\/index.php?rest_route=\/wp\/v2\/users\/3"}],"replies":[{"embeddable":true,"href":"https:\/\/www.atelier-karinsabe.de\/index.php?rest_route=%2Fwp%2Fv2%2Fcomments&post=320"}],"version-history":[{"count":107,"href":"https:\/\/www.atelier-karinsabe.de\/index.php?rest_route=\/wp\/v2\/pages\/320\/revisions"}],"predecessor-version":[{"id":3351,"href":"https:\/\/www.atelier-karinsabe.de\/index.php?rest_route=\/wp\/v2\/pages\/320\/revisions\/3351"}],"wp:attachment":[{"href":"https:\/\/www.atelier-karinsabe.de\/index.php?rest_route=%2Fwp%2Fv2%2Fmedia&parent=320"}],"curies":[{"name":"wp","href":"https:\/\/api.w.org\/{rel}","templated":true}]}}